{"id":2408,"date":"2022-11-13T11:54:40","date_gmt":"2022-11-13T11:54:40","guid":{"rendered":"https:\/\/angfuzsoft.com\/wordpress\/driller\/?post_type=product&#038;p=2408"},"modified":"2024-07-31T20:58:06","modified_gmt":"2024-07-31T20:58:06","slug":"digging-bar","status":"publish","type":"product","link":"https:\/\/wsalbania.com\/?product=digging-bar","title":{"rendered":"Pastrues i Llumit Aktiv Laguna Veneta"},"content":{"rendered":"<p>Pastruesi i llumit aktiv t\u00eb tipit Laguna \u00ebsht\u00eb nj\u00eb impiant trajtimi dyt\u00ebsor i cili ka funksionin e trajtimit biologjik t\u00eb substancave organike t\u00eb pranishme n\u00eb uj\u00ebrat e zeza \u00a0duke garantuar gjithashtu brenda tyre seksionin sekondar t\u00eb sedimentimit. N\u00eb t\u00eb, zhvillohet tretja aerobike substancave organike p\u00ebrmes flor\u00ebs bakteriale q\u00eb ngjiten n\u00eb trupat mbush\u00ebs plastik\u00eb dhe mbahet pezull me thithjen e ajrit me fllusk\u00eb t\u00eb im\u00ebt t\u00eb furnizuar nga shp\u00ebrndar\u00ebsit e mikroflluskave mund\u00ebsuar nga nj\u00eb kompresor me diafragm\u00eb ose ventilator.<\/p>\n<p>Madh\u00ebsia sipas standardeve t\u00eb sh\u00ebnjimit UNI EN 12566-3.<\/p>\n<p>Certifikimi CE, DOP dhe PTA Veneto DC 107\/09<\/p>\n","protected":false},"excerpt":{"rendered":"<table>\n<tbody>\n<tr>\n<td width=\"156\"><strong>Volumi <\/strong><strong style=\"font-family: inherit; font-size: inherit;\">litra<\/strong><\/td>\n<td width=\"156\"><strong>PE<\/strong><\/td>\n<td width=\"156\"><strong>P\u00ebrmasat <\/strong><strong style=\"font-family: inherit; font-size: inherit;\">cm<\/strong><\/td>\n<td width=\"156\"><strong>\u04aamimi <\/strong><strong style=\"font-family: inherit; font-size: inherit;\">euro<\/strong><\/td>\n<\/tr>\n<tr>\n<td width=\"156\"><strong>3.020<\/strong><\/td>\n<td width=\"156\"><strong>18<\/strong><\/td>\n<td width=\"156\"><strong>165 \u00a0x 165 \u00a0x 173<\/strong><\/td>\n<td width=\"156\"><strong>4.710<\/strong><\/td>\n<\/tr>\n<tr>\n<td width=\"156\"><strong>5.100<\/strong><\/td>\n<td width=\"156\"><strong>32<\/strong><\/td>\n<td width=\"156\"><strong>195 x 195 x 199<\/strong><\/td>\n<td width=\"156\"><strong>7.170<\/strong><\/td>\n<\/tr>\n<tr>\n<td width=\"156\"><strong>7.520<\/strong><\/td>\n<td width=\"156\"><strong>44<\/strong><\/td>\n<td width=\"156\"><strong>285 x 220 x 234<\/strong><\/td>\n<td width=\"156\"><strong>11.815<\/strong><\/td>\n<\/tr>\n<tr>\n<td width=\"156\"><strong>8.800<\/strong><\/td>\n<td width=\"156\"><strong>54<\/strong><\/td>\n<td width=\"156\"><strong>445 x 175 x 186<\/strong><\/td>\n<td width=\"156\"><strong>14.335<\/strong><\/td>\n<\/tr>\n<\/tbody>\n<\/table>\n","protected":false},"featured_media":4888,"template":"","meta":[],"product_cat":[26],"product_tag":[],"class_list":{"0":"post-2408","1":"product","2":"type-product","3":"status-publish","4":"has-post-thumbnail","6":"product_cat-decor","8":"first","9":"instock","10":"shipping-taxable","11":"purchasable","12":"product-type-simple"},"_links":{"self":[{"href":"https:\/\/wsalbania.com\/index.php?rest_route=\/wp\/v2\/product\/2408","targetHints":{"allow":["GET"]}}],"collection":[{"href":"https:\/\/wsalbania.com\/index.php?rest_route=\/wp\/v2\/product"}],"about":[{"href":"https:\/\/wsalbania.com\/index.php?rest_route=\/wp\/v2\/types\/product"}],"wp:featuredmedia":[{"embeddable":true,"href":"https:\/\/wsalbania.com\/index.php?rest_route=\/wp\/v2\/media\/4888"}],"wp:attachment":[{"href":"https:\/\/wsalbania.com\/index.php?rest_route=%2Fwp%2Fv2%2Fmedia&parent=2408"}],"wp:term":[{"taxonomy":"product_cat","embeddable":true,"href":"https:\/\/wsalbania.com\/index.php?rest_route=%2Fwp%2Fv2%2Fproduct_cat&post=2408"},{"taxonomy":"product_tag","embeddable":true,"href":"https:\/\/wsalbania.com\/index.php?rest_route=%2Fwp%2Fv2%2Fproduct_tag&post=2408"}],"curies":[{"name":"wp","href":"https:\/\/api.w.org\/{rel}","templated":true}]}}