{"id":4899,"date":"2024-07-31T21:07:16","date_gmt":"2024-07-31T21:07:16","guid":{"rendered":"https:\/\/wsalbania.com\/?post_type=product&#038;p=4899"},"modified":"2024-07-31T21:07:16","modified_gmt":"2024-07-31T21:07:16","slug":"pastrues-superstar","status":"publish","type":"product","link":"https:\/\/wsalbania.com\/?product=pastrues-superstar","title":{"rendered":"Pastrues SuperStar"},"content":{"rendered":"<p>Impianti DEPUR SUPERSTAR Starplast p\u00ebrdoret p\u00ebr trajtim t\u00eb avancuar e uj\u00ebrave t\u00eb zeza q\u00eb vijn\u00eb nga nd\u00ebrtesat e banimit. Impianti\u00ebsht\u00eb i p\u00ebrb\u00ebr\u00eb nga tre monoblloqe q\u00eb p\u00ebrfaq\u00ebsojn\u00eb fazat e pastrimit: nj\u00eb faze sedimentimi primar me nj\u00eb rezervuari t\u00eb tipit Imhoff, nj\u00eb faz\u00eb para denitrifikimit\u00a0 me nj\u00eb filt\u00ebr p\u00ebrshkues anaerobik, nj\u00eb faz\u00eb oksidimi i llumit me difuzion aj\u00ebri me fllusk\u00eb t\u00eb im\u00ebt t\u00eb prodhuar nga nj\u00eb kompresor \u00a0ose ventilator me kanale an\u00ebsore dhe nj\u00eb faz\u00eb sedimentimi dyt\u00ebsor t\u00eb kryer me kon i pajisur me pende te tipit Thomson dhe me shkume brenda te ciles ndodhet sistemi i ngritjes s\u00eb ajrit p\u00ebr riciklimin e kontrolluar nga nj\u00eb kompresor diafragme. \u00cbsht\u00eb i p\u00ebrfshir\u00eb gjithashtu furnizimi i nj\u00eb paneli elektrik kontrolli me koh\u00ebmat\u00ebs funksionimi p\u00ebr kontroll t\u00eb pajisjeve elektromekanike.<\/p>\n<p>Impianti ka madh\u00ebsi sipas standardeve UNI EN 12566-1\/3<\/p>\n","protected":false},"excerpt":{"rendered":"<table>\n<tbody>\n<tr>\n<td width=\"156\"><strong>Volumi <\/strong><strong style=\"font-family: inherit; font-size: inherit;\">litra<\/strong><\/td>\n<td width=\"156\"><strong>PE<\/strong><\/td>\n<td width=\"156\"><strong>P\u00ebrmasat <\/strong><strong style=\"font-family: inherit; font-size: inherit;\">cm<\/strong><\/td>\n<td width=\"156\"><strong>\u04aamimi <\/strong><strong style=\"font-family: inherit; font-size: inherit;\">euro<\/strong><\/td>\n<\/tr>\n<tr>\n<td width=\"156\">6.300<\/td>\n<td width=\"156\"><strong>10<\/strong><\/td>\n<td width=\"156\"><strong>550 \u00a0x 150 \u00a0x 160<\/strong><\/td>\n<td width=\"156\"><strong>11.850<\/strong><\/td>\n<\/tr>\n<tr>\n<td width=\"156\"><strong>12.000<\/strong><\/td>\n<td width=\"156\"><strong>22<\/strong><\/td>\n<td width=\"156\"><strong>685 x 195 x 157<\/strong><\/td>\n<td width=\"156\"><strong>16.200<\/strong><\/td>\n<\/tr>\n<tr>\n<td width=\"156\"><strong>15.300<\/strong><\/td>\n<td width=\"156\"><strong>34<\/strong><\/td>\n<td width=\"156\"><strong>685 x 195 x 199<\/strong><\/td>\n<td width=\"156\"><strong>19.335<\/strong><\/td>\n<\/tr>\n<tr>\n<td width=\"156\"><strong>21.000<\/strong><\/td>\n<td width=\"156\"><strong>44<\/strong><\/td>\n<td width=\"156\"><strong>790 x 230 x 218<\/strong><\/td>\n<td width=\"156\"><strong>24.750<\/strong><\/td>\n<\/tr>\n<\/tbody>\n<\/table>\n","protected":false},"featured_media":4900,"template":"","meta":[],"product_cat":[15],"product_tag":[],"class_list":{"0":"post-4899","1":"product","2":"type-product","3":"status-publish","4":"has-post-thumbnail","6":"product_cat-uncategorized","8":"first","9":"instock","10":"shipping-taxable","11":"product-type-simple"},"_links":{"self":[{"href":"https:\/\/wsalbania.com\/index.php?rest_route=\/wp\/v2\/product\/4899","targetHints":{"allow":["GET"]}}],"collection":[{"href":"https:\/\/wsalbania.com\/index.php?rest_route=\/wp\/v2\/product"}],"about":[{"href":"https:\/\/wsalbania.com\/index.php?rest_route=\/wp\/v2\/types\/product"}],"wp:featuredmedia":[{"embeddable":true,"href":"https:\/\/wsalbania.com\/index.php?rest_route=\/wp\/v2\/media\/4900"}],"wp:attachment":[{"href":"https:\/\/wsalbania.com\/index.php?rest_route=%2Fwp%2Fv2%2Fmedia&parent=4899"}],"wp:term":[{"taxonomy":"product_cat","embeddable":true,"href":"https:\/\/wsalbania.com\/index.php?rest_route=%2Fwp%2Fv2%2Fproduct_cat&post=4899"},{"taxonomy":"product_tag","embeddable":true,"href":"https:\/\/wsalbania.com\/index.php?rest_route=%2Fwp%2Fv2%2Fproduct_tag&post=4899"}],"curies":[{"name":"wp","href":"https:\/\/api.w.org\/{rel}","templated":true}]}}